*2 + 1042*p + 4206. Calculate u(-4).
6
Let g(h) = -442737*h - 4427511. Give g(-10).
-141
Let y(i) = 3*i**3 - 87*i**2 - 529*i + 10533. Give y(31).
-100
Let r(v) = 1381*v + 10071. What is r(-7)?
404
Let z(q) = 13*q**3 + 5*q**2 - 81*q + 142. Give z(2).
104
Let d(u) = 444*u**2 + 93*u + 295. Give d(-3).
4012
Let z(u) = 2*u**2 - 278*u - 137080. What is z(-201)?
-400
Let y(b) = -3*b**3 - 44*b**2 - 324*b - 3364. What is y(-13)?
3
Let k(j) = 28155*j + 422497. What is k(-15)?
172
Let v(l) = l**2 - 90076*l + 4411319. Determine v(49).
-4
Let l(f) = -6966*f + 48716. Determine l(7).
-46
Let n(y) = 21*y**3 - 97*y**2 + 292*y + 3. What is n(3)?
573
Let m(z) = 498*z - 52721. Give m(106).
67
Let x(t) = -17*t**3 - 20*t**2 + 410*t + 1918. What is x(-4)?
1046
Let d(a) = a**2 - 221*a - 3652. Calculate d(-16).
140
Let q(v) = 4009*v + 36490. Calculate q(-9).
409
Let i(x) = -51370*x + 256775. Give i(5).
-75
Let r(x) = 7*x**2 + 467*x + 1639. Calculate r(-64).
423
Let y(a) = 8806*a - 167316. Give y(19).
-2
Let i(p) = p**2 - 64*p - 406. Give i(57).
-805
Let p(q) = 219*q - 474. Calculate p(4).
402
Let k(z) = 22*z**2 - 369*z - 24821. Give k(43).
-10
Let m(s) = 2440*s + 23876. Give m(-10).
-524
Let h(p) = 801*p**2 + 12010*p - 56. Calculate h(-15).
19
Let h(x) = 399*x**2 + 35*x - 41. Give h(1).
393
Let t(s) = 10872*s - 65244. Calculate t(6).
-12
Let r(s) = -1544*s - 8273. What is r(-5)?
-553
Let v(b) = -b**3 - 13*b**2 - 108*b - 586. Calculate v(-7).
-124
Let q(w) = 30*w + 263. Determine q(-52).
-1297
Let r(w) = -w**3 + 43*w**2 + 54*w + 438. What is r(45)?
-1182
Let f(v) = -v**3 - 576*v**2 + 1200*v + 25431. Calculate f(-578).
-1
Let c(u) = -u**3 + 12*u**2 + 25*u + 485. Calculate c(15).
185
Let z(c) = 2*c**3 + 23*c**2 + 5*c - 256. Determine z(-10).
-6
Let d(a) = -8*a + 326. What is d(39)?
14
Let o(k) = -6*k**3 + 6*k**2 + 57*k + 10. Give o(-6).
1180
Let g(p) = -9*p**2 + 52469*p - 262113. Determine g(5).
7
Let i(d) = 15*d**3 - d**2 + 24*d - 54. Give i(2).
110
Let y(p) = -734*p - 24953. Calculate y(-34).
3
Let t(c) = 2*c - 304. What is t(106)?
-92
Let f(x) = 272*x + 53312. Give f(-196).
0
Let i(j) = -2325*j - 25579. Calculate i(-11).
-4
Let h(q) = -6*q**3 - 23*q**2 + 45*q + 19. Give h(-8).
1259
Let f(s) = s**2 - 195*s - 26779. Calculate f(288).
5
Let d(y) = 45*y**2 - 735*y - 139. Give d(19).
2141
Let p(l) = -l**2 - 21*l + 36560. What is p(181)?
-2
Let a(u) = -33*u**2 + 2693*u + 429795. Calculate a(162).
9
Let z(x) = -1859*x**2 - 5499*x + 231. Determine z(-3).
-3
Let f(k) = -1169*k + 53527. What is f(46)?
-247
Let u(d) = -2654*d - 22934. Give u(-9).
952
Let l(m) = m**2 - 183981*m - 13067684. Determine l(-71).
8
Let r(o) = -o**2 + 25994*o + 520294. Give r(-20).
14
Let a(m) = 1119*m - 182413. Determine a(163).
-16
Let f(b) = -2*b**3 - 22*b**2 + 45*b + 622. Determine f(-12).
370
Let u(k) = 28689*k - 3499970. Give u(122).
88
Let z(y) = 3095*y**2 + 10363*y + 10364. What is z(-1)?
3096
Let b(k) = -13*k**2 + 1791*k - 41837. Calculate b(108).
-41
Let z(a) = -4*a**2 + 158*a + 1174. Calculate z(-8).
-346
Let y(c) = c**3 - 17*c**2 + 69*c - 346. Give y(11).
-313
Let i(z) = 330*z + 7883. Determine i(-23).
293
Let v(n) = n**2 - 1636*n - 13358. Give v(-8).
-206
Let s(i) = i**3 + 4*i**2 - 12728*i - 4094. Determine s(111).
13
Let a(n) = 1391275*n + 1391276. Determine a(-1).
1
Let h(p) = -p**3 - 22*p**2 - 78*p + 70. Calculate h(-7).
-119
Let x(i) = i**2 + 63*i - 161. What is x(-11)?
-733
Let o(g) = -2*g**2 + 161*g - 2256. What is o(55)?
549
Let h(m) = -184*m**2 + 4573*m - 3807. Give h(24).
-39
Let t(r) = -79*r**2 + 53*r + 3168. Give t(-6).
6
Let q(o) = o**3 - 430*o**2 - 1251*o - 20769. What is q(433)?
15
Let r(c) = -65*c**2 - 10811*c - 2641. Determine r(-166).
845
Let m(f) = -f**2 - 15897*f + 95367. Give m(6).
-51
Let g(z) = -152*z**2 - 36*z - 107. Calculate g(-3).
-1367
Let g(b) = -11183*b + 872286. Give g(78).
12
Let t(o) = 27*o**2 - 1727*o - 1721. What is t(-1)?
33
Let j(o) = -o - 838. Determine j(-53).
-785
Let t(s) = 5940*s**2 - 11867*s - 6. Give t(2).
20
Let l(g) = g**3 - 630*g**2 + 13371*g + 74. Determine l(22).
-36
Let l(i) = 11819*i - 94876. Give l(8).
-324
Let p(i) = -4403*i**3 + 2*i**2 + 262*i + 261. Determine p(-1).
4404
Let r(a) = 1509*a - 9525. Calculate r(7).
1038
Let b(t) = -119*t + 27639. Determine b(193).
4672
Let y(m) = 17070*m + 34210. Calculate y(-2).
70
Let b(c) = c**3 - 129*c**2 - 1394*c - 29. Calculate b(-10).
11
Let g(i) = -3*i**2 + 10689*i + 3277649. Give g(-284).
5
Let y(u) = 126*u + 3373. What is y(-27)?
-29
Let g(t) = 270*t**2 - 38614*t + 631. Give g(143).
59
Let i(p) = -p**3 - 61*p**2 + 5077*p + 309701. Give i(-61).
4
Let l(h) = -22*h**3 + 312*h**2 - 71*h - 235. Give l(14).
-445
Let n(p) = -141563*p + 2689706. Determine n(19).
9
Let m(f) = 37259*f - 37252. Calculate m(1).
7
Let l(r) = r**3 + 12*r**2 - 843*r - 11817. Give l(-27).
9
Let a(c) = c**3 + 52*c**2 - 701*c - 43990. What is a(-47)?
2
Let f(y) = y**3 + 141*y**2 + 3161*y - 85. Give f(-28).
-1
Let z(d) = -4682*d - 66270. What is z(-15)?
3960
Let l(n) = 23*n**2 - 868*n + 2617. Calculate l(3).
220
Let k(w) = -3617*w + 2144890. Give k(593).
9
Let l(q) = 13275*q + 172560. Calculate l(-13).
-15
Let n(v) = -683*v**2 + 58054*v + 80. Give n(85).
-5
Let s(i) = 272041*i - 1632181. What is s(6)?
65
Let i(p) = 20754*p - 352998. Determine i(17).
-180
Let n(b) = -874*b + 49539. Calculate n(57).
-279
Let t(f) = 87400*f + 174801. Calculate t(-2).
1
Let t(m) = m**3 - 17*m**2 - 399*m + 347. Calculate t(30).
77
Let c(q) = 2491*q - 1918061. What is c(770)?
9
Let l(q) = -44*q**3 - 9591*q**2 + 214*q - 1190. Give l(-218).
-318
Let s(u) = -64*u**2 + 687*u + 89. Give s(11).
-98
Let v(y) = 3324*y - 2675828. Give v(805).
-8
Let g(a) = -a**3 + 18*a**2 + 70*a + 53. Give g(22).
-343
Let b(g) = 2*g**2 + 484*g - 5296. Give b(-253).
270
Let j(i) = -233391*i + 233382. Give j(1).
-9
Let t(h) = 150*h**2 - 652*h + 223. Determine t(4).
15
Let z(a) = 93*a - 4782. Determine z(51).
-39
Let f(a) = -6*a**2 + 130*a + 2145. Calculate f(-16).
-1471
Let o(q) = 3*q**3 + 2641*q**2 + 19202*q - 3526. Calculate o(-873).
-34
Let g(c) = 40*c**2 + 830*c - 18. Give g(-21).
192
Let d(l) = l**3 + 23*l**2 + 102*l - 4. Give d(-17).
-4
Let y(s) = 72*s**3 + 435*s**2 + 18*s - 2. Determine y(-6).
-2
Let b(p) = 1436*p + 90178. Determine b(-62).
1146
Let g(k) = -55*k**3 + 6*k**2 - 85*k + 250. Give g(3).
-1436
Let h(d) = -3*d**3 - 196*d**2 + 143*d + 19. Calculate h(-66).
-707
Let u(w) = 3*w**3 + 2*w**2 + 21*w - 44. What is u(2)?
30
Let t(j) = 16*j**2 - 3614*j - 10959. What is t(-3)?
27
Let d(b) = -b**2 - 7719*b + 61657. Determine d(8).
-159
Let v(g) = g**3 + 172*g**2 + 2355*g - 160. What is v(-157)?
-160
Let s(t) = -721*t + 248745. Calculate s(345).
0
Let p(y) = -64*y**3 + 45*y + 88. What is p(-2)?
510
Let p(z) = -1148*z**3 + 57*z**2 + 55*z - 2. Calculate p(-1).
1148
Let x(k) = 3*k**3 + 791*k**2 + 612*k + 22488. Determine x(-263).
-130
Let c(h) = -h**3 + 12*h**2 + 21*h + 210. What is c(14)?
112
Let w(u) = 5407*u - 313603. Determine w(58).
3
Let t(y) = 2*y**2 - 46*y - 905. Give t(-11).
-157
Let j(a) = 26*a**3 + 134*a**2 - 41*a - 90. Determine j(1).
29
Let d(q) = -1531*q + 25991. Determine d(17).
-36
Let u(c) = -c**3 - 117*c**2 - 3187*c - 287. Give u(-74).
83
Let s(c) = 30*c**2 + 1054*c - 6236. Calculate s(6).
1168
Let r(h) = 139*h**2 - 879*h - 5334. Calculate r(-6).
4944
Let i(h) = h**3 + 127*h**2 + 1062*h + 118125. Determine i(-126).
189
Let y(w) = -114*w - 3109. Calculate y(-32).
539
Let g(r) = -r**3 - 134*r**2 - 794*r - 3310. What is g(-128)?
18
Let x(u) = 2*u**2 - 132*u - 21053. Give x(140).
-333
Let l(w) = 223587*w - 2906626. Calculate l(13).
5
Let q(h) = 14*h**2 + 2054*h + 7845. Give q(-143).
409
Let h(k) = 64842*k - 778205. What is h(12)?
-101
Let y(m) = -m**3 - 280*m**2 - 2446*m - 2003. Determine y(-271).
-106
Let g(n) = 338*n - 4208. What is g(4)?
-2856
Let i(l) = -13*l**2 - 107*l - 948. Determine i(-10).
-1178
Let t(k) = k**3 - 2*k**2 + 46*k + 412. Calculate t(0).
412
Let m(s) = -182269*s - 729089. Determine m(-4).
-13
Let b(q) = -q**3 + 26*q**2 - 44*q - 1441. Determine b(18).
359
Let c(d) = 2*d**2 + 14741*d + 235381. Calculate c(-16).
37
Let b(s) = -5897*s + 501071. What is b(85)?
-174
Let p(b) = -101*b**3 - 500*b**2 + 16*b - 52. Calculate p(-5).
-7
Let a(g) = -65*g 